{"id":1480,"date":"2019-09-20T02:05:20","date_gmt":"2019-09-20T07:05:20","guid":{"rendered":"http:\/\/voltier.com.mx\/?post_type=product&#038;p=1480"},"modified":"2020-09-18T19:06:12","modified_gmt":"2020-09-19T00:06:12","slug":"oxitovolt-oxitocina-sintetica-20ui-solucion-inyectable-500-ml","status":"publish","type":"product","link":"http:\/\/voltier.com.mx\/?product=oxitovolt-oxitocina-sintetica-20ui-solucion-inyectable-500-ml","title":{"rendered":"OXITOVOLT &#8211; Oxitocina Sint\u00e9tica 20UI &#8211; Soluci\u00f3n Inyectable 500 ml"},"content":{"rendered":"","protected":false},"excerpt":{"rendered":"<p>\u00datil en el tratamiento de la inercia uterina, retenci\u00f3n placentera, aceleraci\u00f3n del parto, estimula la bajada de la leche, como coadyuvante en el tratamiento de mastitis y el orde\u00f1o frecuente.<\/p>\n<p>Especies: Bovinos, equinos, porcinos, ovinos, caprinos, felinos y caninos.<br \/>\nDosis Bovinos, equinos: 5 ml. Ovinos y caprinos: 3ml, Porcinos: 1 a 2.5 ml, Caninos y felinos: 0.25 a 0.5 ml<br \/>\nV\u00eda de Administraci\u00f3n: Intramuscular, subcut\u00e1nea o intravenosa.<br \/>\nProducto de uso exclusivo en Medicina Veterinaria \/ Su venta requiere receta m\u00e9dica<\/p>\n<p>Cada mL contiene:<\/p>\n<p>Oxit\u00f3cina sint\u00e9tica 20 UI<br \/>\nVeh\u00edculo c.b.p. 1 mL<br \/>\nCada mL contiene:<\/p>\n<p>Oxit\u00f3cina sint\u00e9tica 20 UI<br \/>\nVeh\u00edculo c.b.p. 1 mL<\/p>\n<p>Producto Hecho en M\u00e9xico<br \/>\nRegistro SAGARPA: Q-10086-022<\/p>\n","protected":false},"featured_media":1481,"comment_status":"open","ping_status":"closed","template":"","meta":[],"_links":{"self":[{"href":"http:\/\/voltier.com.mx\/index.php?rest_route=\/wp\/v2\/product\/1480"}],"collection":[{"href":"http:\/\/voltier.com.mx\/index.php?rest_route=\/wp\/v2\/product"}],"about":[{"href":"http:\/\/voltier.com.mx\/index.php?rest_route=\/wp\/v2\/types\/product"}],"replies":[{"embeddable":true,"href":"http:\/\/voltier.com.mx\/index.php?rest_route=%2Fwp%2Fv2%2Fcomments&post=1480"}],"wp:featuredmedia":[{"embeddable":true,"href":"http:\/\/voltier.com.mx\/index.php?rest_route=\/wp\/v2\/media\/1481"}],"wp:attachment":[{"href":"http:\/\/voltier.com.mx\/index.php?rest_route=%2Fwp%2Fv2%2Fmedia&parent=1480"}],"curies":[{"name":"wp","href":"https:\/\/api.w.org\/{rel}","templated":true}]}}