{"id":1523,"date":"2019-09-24T22:23:08","date_gmt":"2019-09-25T03:23:08","guid":{"rendered":"http:\/\/voltier.com.mx\/?post_type=product&#038;p=1523"},"modified":"2020-09-18T18:56:38","modified_gmt":"2020-09-18T23:56:38","slug":"supervolt-5500-vitamina-b12-b15-solucion-inyectable-5-ml","status":"publish","type":"product","link":"http:\/\/voltier.com.mx\/?product=supervolt-5500-vitamina-b12-b15-solucion-inyectable-5-ml","title":{"rendered":"S\u00daPERVOLT 5500 &#8211; Vitamina B12 + B15 &#8211; Soluci\u00f3n Inyectable 5 ml"},"content":{"rendered":"","protected":false},"excerpt":{"rendered":"<p>Vitam\u00ednico usado en casos de anemias perniciosas y estimulante del apetito de uso en Equinos, Bovinos, Porcinos, Caninos, Felinos, y Aves (Engorda, postura, reproductoras o de combate).<\/p>\n<p>Especies: Bovinos (carne y leche), Equinos, Porcinos, Caninos, Felinos y Aves (engorda, postura, reproductoras o de combate).<br \/>\nDosis: Bovinos (carne y leche) y Porcinos: &#8211; 5 ml. Equinos: 5 ml. Caninos y Felinos: 0.5 &#8211; 1 ml. Aves (engorda, postura, reproductoras o de combate): 0.5 ml.<br \/>\nV\u00eda de Administraci\u00f3n: Intramuscular<br \/>\nProducto de uso exclusivo en Medicina Veterinaria<\/p>\n<p>Cada mL contiene:<br \/>\nCianocobalamina (B12) 2500 mcg<br \/>\nHidroxocobalamina 3000 mcg<br \/>\nVitamina B15 (Excipiente) 1250 mcg<br \/>\nBiotina 50 mcg<br \/>\nExtracto de H\u00edgado 4% V\/V<br \/>\nVeh\u00edculo c.b.p. 1 mL<\/p>\n<p>Producto Hecho en M\u00e9xico<br \/>\nRegistro SAGARPA: Q-10086-015<\/p>\n","protected":false},"featured_media":1524,"comment_status":"open","ping_status":"closed","template":"","meta":[],"_links":{"self":[{"href":"http:\/\/voltier.com.mx\/index.php?rest_route=\/wp\/v2\/product\/1523"}],"collection":[{"href":"http:\/\/voltier.com.mx\/index.php?rest_route=\/wp\/v2\/product"}],"about":[{"href":"http:\/\/voltier.com.mx\/index.php?rest_route=\/wp\/v2\/types\/product"}],"replies":[{"embeddable":true,"href":"http:\/\/voltier.com.mx\/index.php?rest_route=%2Fwp%2Fv2%2Fcomments&post=1523"}],"wp:featuredmedia":[{"embeddable":true,"href":"http:\/\/voltier.com.mx\/index.php?rest_route=\/wp\/v2\/media\/1524"}],"wp:attachment":[{"href":"http:\/\/voltier.com.mx\/index.php?rest_route=%2Fwp%2Fv2%2Fmedia&parent=1523"}],"curies":[{"name":"wp","href":"https:\/\/api.w.org\/{rel}","templated":true}]}}